{"id":2947,"date":"2018-07-30T09:05:07","date_gmt":"2018-07-30T07:05:07","guid":{"rendered":"https:\/\/www.gratavinum.com\/?page_id=2947"},"modified":"2023-04-24T11:30:06","modified_gmt":"2023-04-24T09:30:06","slug":"oli-oliva","status":"publish","type":"page","link":"https:\/\/www.gratavinum.com\/ca\/oli-oliva\/","title":{"rendered":"Oli verge extra"},"content":{"rendered":"<p>[et_pb_section fb_built=&#8221;1&#8243; _builder_version=&#8221;3.22&#8243; custom_margin=&#8221;0px||0px|&#8221; custom_padding=&#8221;0px|0px|0px|0|false|false&#8221;][et_pb_row column_structure=&#8221;1_2,1_2&#8243; make_equal=&#8221;on&#8221; _builder_version=&#8221;4.6.3&#8243; hover_enabled=&#8221;0&#8243; sticky_enabled=&#8221;0&#8243;][et_pb_column type=&#8221;1_2&#8243; _builder_version=&#8221;3.25&#8243; custom_padding=&#8221;|||&#8221; custom_padding__hover=&#8221;|||&#8221;][et_pb_divider show_divider=&#8221;off&#8221; _builder_version=&#8221;3.11&#8243; height=&#8221;50px&#8221;][\/et_pb_divider][et_pb_text _builder_version=&#8221;3.29.3&#8243; text_font_size=&#8221;17px&#8221; text_font_size_tablet=&#8221;&#8221; text_font_size_phone=&#8221;15px&#8221; text_font_size_last_edited=&#8221;on|phone&#8221; header_font_size_tablet=&#8221;&#8221; header_font_size_phone=&#8221;26px&#8221; header_font_size_last_edited=&#8221;on|phone&#8221; header_2_font_size_tablet=&#8221;&#8221; header_2_font_size_phone=&#8221;20px&#8221; header_2_font_size_last_edited=&#8221;on|desktop&#8221;]<\/p>\n<h1>Oli Verge Extra<\/h1>\n<h2>Gratavinum<\/h2>\n<p>L\u2019olivera i la vinya s\u00f3n els dos referents que alimenten la cultura mediterr\u00e0nia i sempre han anat de la m\u00e0, ja sigui compartint la terra on creixen o la taula on els gaudim.<\/p>\n<p>Moguts per la passi\u00f3 pel que \u00e9s natural i conven\u00e7uts dels beneficis que la dieta mediterr\u00e0nia aporta a la nostra alimentaci\u00f3, la familia Cusin\u00e9 va decidir iniciar aquest projecte buscant el vincle entre l\u2019oli i la salut.<\/p>\n<p>Les olives arbequines seleccionades per a l\u2019elaboraci\u00f3 de l\u2019oli d\u2019oliva GRATAVINUM s\u2019han cultivat de forma ecol\u00f2gica i provenen de les poques oliveres que tenim a les nostres finques, on hist\u00f2ricament han conviscut amb la vinya. Aquest oli \u00e9s la nostra modesta aportaci\u00f3 a la cultura mediterr\u00e0nia.[\/et_pb_text][et_pb_image src=&#8221;https:\/\/www.gratavinum.com\/wp-content\/uploads\/2023\/04\/oli-gratavinum.jpg&#8221; align_tablet=&#8221;center&#8221; align_phone=&#8221;&#8221; align_last_edited=&#8221;on|desktop&#8221; _builder_version=&#8221;4.6.3&#8243; hover_enabled=&#8221;0&#8243; title_text=&#8221;oli-gratavinum&#8221; sticky_enabled=&#8221;0&#8243;][\/et_pb_image][\/et_pb_column][et_pb_column type=&#8221;1_2&#8243; _builder_version=&#8221;4.6.3&#8243; background_image=&#8221;https:\/\/www.gratavinum.com\/wp-content\/uploads\/2023\/04\/oliveres-gratavinum-priorat.jpg&#8221; custom_padding=&#8221;|||&#8221; hover_enabled=&#8221;0&#8243; custom_padding__hover=&#8221;|||&#8221; title_text=&#8221;oliveres-gratavinum-priorat&#8221; sticky_enabled=&#8221;0&#8243;][\/et_pb_column][\/et_pb_row][\/et_pb_section]<\/p>\n","protected":false},"excerpt":{"rendered":"<p>Les olives Arbequines utilitzades per l&#8217;elaboraci\u00f3 d&#8217;aquest oli procedeixen dels nostres camps, on les oliveres han compartit habitat amb la vinya des de fa molts anys.<\/p>\n","protected":false},"author":8,"featured_media":0,"parent":0,"menu_order":0,"comment_status":"closed","ping_status":"closed","template":"","meta":{"_et_pb_use_builder":"on","_et_pb_old_content":"","_et_gb_content_width":"","footnotes":""},"class_list":["post-2947","page","type-page","status-publish","hentry"],"yoast_head":"<!-- This site is optimized with the Yoast SEO plugin v27.4 - https:\/\/yoast.com\/product\/yoast-seo-wordpress\/ -->\n<title>Gratavinum Oli Verge d&#039;Oliva - Priorat<\/title>\n<meta name=\"description\" content=\"Les olives Arbequines utilitzades per l&#039;elaboraci\u00f3 d&#039;aquest oli procedeixen dels nostres camps, on les oliveres han conviscut hist\u00f2ricament amb la vinya\" \/>\n<meta name=\"robots\" content=\"index, follow, max-snippet:-1, max-image-preview:large, max-video-preview:-1\" \/>\n<link rel=\"canonical\" href=\"https:\/\/www.gratavinum.com\/ca\/oli-oliva\/\" \/>\n<meta property=\"og:locale\" content=\"ca_ES\" \/>\n<meta property=\"og:type\" content=\"article\" \/>\n<meta property=\"og:title\" content=\"Gratavinum Oli Verge d&#039;Oliva - Priorat\" \/>\n<meta property=\"og:description\" content=\"Les olives Arbequines utilitzades per l&#039;elaboraci\u00f3 d&#039;aquest oli procedeixen dels nostres camps, on les oliveres han conviscut hist\u00f2ricament amb la vinya\" \/>\n<meta property=\"og:url\" content=\"https:\/\/www.gratavinum.com\/ca\/oli-oliva\/\" \/>\n<meta property=\"og:site_name\" content=\"Gratavinum\" \/>\n<meta property=\"article:modified_time\" content=\"2023-04-24T09:30:06+00:00\" \/>\n<meta name=\"twitter:card\" content=\"summary_large_image\" \/>\n<meta name=\"twitter:label1\" content=\"Temps estimat de lectura\" \/>\n\t<meta name=\"twitter:data1\" content=\"2 minuts\" \/>\n<script type=\"application\/ld+json\" class=\"yoast-schema-graph\">{\"@context\":\"https:\\\/\\\/schema.org\",\"@graph\":[{\"@type\":\"WebPage\",\"@id\":\"https:\\\/\\\/www.gratavinum.com\\\/ca\\\/oli-oliva\\\/\",\"url\":\"https:\\\/\\\/www.gratavinum.com\\\/ca\\\/oli-oliva\\\/\",\"name\":\"Gratavinum Oli Verge d'Oliva - Priorat\",\"isPartOf\":{\"@id\":\"https:\\\/\\\/www.gratavinum.com\\\/ca\\\/#website\"},\"datePublished\":\"2018-07-30T07:05:07+00:00\",\"dateModified\":\"2023-04-24T09:30:06+00:00\",\"description\":\"Les olives Arbequines utilitzades per l'elaboraci\u00f3 d'aquest oli procedeixen dels nostres camps, on les oliveres han conviscut hist\u00f2ricament amb la vinya\",\"breadcrumb\":{\"@id\":\"https:\\\/\\\/www.gratavinum.com\\\/ca\\\/oli-oliva\\\/#breadcrumb\"},\"inLanguage\":\"ca\",\"potentialAction\":[{\"@type\":\"ReadAction\",\"target\":[\"https:\\\/\\\/www.gratavinum.com\\\/ca\\\/oli-oliva\\\/\"]}]},{\"@type\":\"BreadcrumbList\",\"@id\":\"https:\\\/\\\/www.gratavinum.com\\\/ca\\\/oli-oliva\\\/#breadcrumb\",\"itemListElement\":[{\"@type\":\"ListItem\",\"position\":1,\"name\":\"Home\",\"item\":\"https:\\\/\\\/www.gratavinum.com\\\/ca\\\/\"},{\"@type\":\"ListItem\",\"position\":2,\"name\":\"Oli verge extra\"}]},{\"@type\":\"WebSite\",\"@id\":\"https:\\\/\\\/www.gratavinum.com\\\/ca\\\/#website\",\"url\":\"https:\\\/\\\/www.gratavinum.com\\\/ca\\\/\",\"name\":\"Gratavinum\",\"description\":\"Winemaking and organic vine growing in Gratallops\",\"potentialAction\":[{\"@type\":\"SearchAction\",\"target\":{\"@type\":\"EntryPoint\",\"urlTemplate\":\"https:\\\/\\\/www.gratavinum.com\\\/ca\\\/?s={search_term_string}\"},\"query-input\":{\"@type\":\"PropertyValueSpecification\",\"valueRequired\":true,\"valueName\":\"search_term_string\"}}],\"inLanguage\":\"ca\"}]}<\/script>\n<!-- \/ Yoast SEO plugin. -->","yoast_head_json":{"title":"Gratavinum Oli Verge d'Oliva - Priorat","description":"Les olives Arbequines utilitzades per l'elaboraci\u00f3 d'aquest oli procedeixen dels nostres camps, on les oliveres han conviscut hist\u00f2ricament amb la vinya","robots":{"index":"index","follow":"follow","max-snippet":"max-snippet:-1","max-image-preview":"max-image-preview:large","max-video-preview":"max-video-preview:-1"},"canonical":"https:\/\/www.gratavinum.com\/ca\/oli-oliva\/","og_locale":"ca_ES","og_type":"article","og_title":"Gratavinum Oli Verge d'Oliva - Priorat","og_description":"Les olives Arbequines utilitzades per l'elaboraci\u00f3 d'aquest oli procedeixen dels nostres camps, on les oliveres han conviscut hist\u00f2ricament amb la vinya","og_url":"https:\/\/www.gratavinum.com\/ca\/oli-oliva\/","og_site_name":"Gratavinum","article_modified_time":"2023-04-24T09:30:06+00:00","twitter_card":"summary_large_image","twitter_misc":{"Temps estimat de lectura":"2 minuts"},"schema":{"@context":"https:\/\/schema.org","@graph":[{"@type":"WebPage","@id":"https:\/\/www.gratavinum.com\/ca\/oli-oliva\/","url":"https:\/\/www.gratavinum.com\/ca\/oli-oliva\/","name":"Gratavinum Oli Verge d'Oliva - Priorat","isPartOf":{"@id":"https:\/\/www.gratavinum.com\/ca\/#website"},"datePublished":"2018-07-30T07:05:07+00:00","dateModified":"2023-04-24T09:30:06+00:00","description":"Les olives Arbequines utilitzades per l'elaboraci\u00f3 d'aquest oli procedeixen dels nostres camps, on les oliveres han conviscut hist\u00f2ricament amb la vinya","breadcrumb":{"@id":"https:\/\/www.gratavinum.com\/ca\/oli-oliva\/#breadcrumb"},"inLanguage":"ca","potentialAction":[{"@type":"ReadAction","target":["https:\/\/www.gratavinum.com\/ca\/oli-oliva\/"]}]},{"@type":"BreadcrumbList","@id":"https:\/\/www.gratavinum.com\/ca\/oli-oliva\/#breadcrumb","itemListElement":[{"@type":"ListItem","position":1,"name":"Home","item":"https:\/\/www.gratavinum.com\/ca\/"},{"@type":"ListItem","position":2,"name":"Oli verge extra"}]},{"@type":"WebSite","@id":"https:\/\/www.gratavinum.com\/ca\/#website","url":"https:\/\/www.gratavinum.com\/ca\/","name":"Gratavinum","description":"Winemaking and organic vine growing in Gratallops","potentialAction":[{"@type":"SearchAction","target":{"@type":"EntryPoint","urlTemplate":"https:\/\/www.gratavinum.com\/ca\/?s={search_term_string}"},"query-input":{"@type":"PropertyValueSpecification","valueRequired":true,"valueName":"search_term_string"}}],"inLanguage":"ca"}]}},"_links":{"self":[{"href":"https:\/\/www.gratavinum.com\/ca\/wp-json\/wp\/v2\/pages\/2947","targetHints":{"allow":["GET"]}}],"collection":[{"href":"https:\/\/www.gratavinum.com\/ca\/wp-json\/wp\/v2\/pages"}],"about":[{"href":"https:\/\/www.gratavinum.com\/ca\/wp-json\/wp\/v2\/types\/page"}],"author":[{"embeddable":true,"href":"https:\/\/www.gratavinum.com\/ca\/wp-json\/wp\/v2\/users\/8"}],"replies":[{"embeddable":true,"href":"https:\/\/www.gratavinum.com\/ca\/wp-json\/wp\/v2\/comments?post=2947"}],"version-history":[{"count":15,"href":"https:\/\/www.gratavinum.com\/ca\/wp-json\/wp\/v2\/pages\/2947\/revisions"}],"predecessor-version":[{"id":9423,"href":"https:\/\/www.gratavinum.com\/ca\/wp-json\/wp\/v2\/pages\/2947\/revisions\/9423"}],"wp:attachment":[{"href":"https:\/\/www.gratavinum.com\/ca\/wp-json\/wp\/v2\/media?parent=2947"}],"curies":[{"name":"wp","href":"https:\/\/api.w.org\/{rel}","templated":true}]}}

<p>[et_pb_section fb_built=&#8221;1&#8243; _builder_version=&#8221;3.22&#8243; custom_margin=&#8221;0px||0px|&#8221; custom_padding=&#8221;0px|0px|0px|0|false|false&#8221;][et_pb_row column_structure=&#8221;1_2,1_2&#8243; make_equal=&#8221;on&#8221; _builder_version=&#8221;4.6.3&#8243; hover_enabled=&#8221;0&#8243; sticky_enabled=&#8221;0&#8243;][et_pb_column type=&#8221;1_2&#8243; _builder_version=&#8221;3.25&#8243; custom_padding=&#8221;|||&#8221; custom_padding__hover=&#8221;|||&#8221;][et_pb_divider show_divider=&#8221;off&#8221; _builder_version=&#8221;3.11&#8243; height=&#8221;50px&#8221;][/et_pb_divider][et_pb_text _builder_version=&#8221;3.29.3&#8243; text_font_size=&#8221;17px&#8221; text_font_size_tablet=&#8221;&#8221; text_font_size_phone=&#8221;15px&#8221; text_font_size_last_edited=&#8221;on|phone&#8221; header_font_size_tablet=&#8221;&#8221; header_font_size_phone=&#8221;26px&#8221; header_font_size_last_edited=&#8221;on|phone&#8221; header_2_font_size_tablet=&#8221;&#8221; header_2_font_size_phone=&#8221;20px&#8221; header_2_font_size_last_edited=&#8221;on|desktop&#8221;]</p>
<h1>Oli Verge Extra</h1>
<h2>Gratavinum</h2>
<p>L’olivera i la vinya són els dos referents que alimenten la cultura mediterrània i sempre han anat de la mà, ja sigui compartint la terra on creixen o la taula on els gaudim.</p>
<p>Moguts per la passió pel que és natural i convençuts dels beneficis que la dieta mediterrània aporta a la nostra alimentació, la familia Cusiné va decidir iniciar aquest projecte buscant el vincle entre l’oli i la salut.</p>
<p>Les olives arbequines seleccionades per a l’elaboració de l’oli d’oliva GRATAVINUM s’han cultivat de forma ecològica i provenen de les poques oliveres que tenim a les nostres finques, on històricament han conviscut amb la vinya. Aquest oli és la nostra modesta aportació a la cultura mediterrània.[/et_pb_text][et_pb_image src=&#8221;https://www.gratavinum.com/wp-content/uploads/2023/04/oli-gratavinum.jpg&#8221; align_tablet=&#8221;center&#8221; align_phone=&#8221;&#8221; align_last_edited=&#8221;on|desktop&#8221; _builder_version=&#8221;4.6.3&#8243; hover_enabled=&#8221;0&#8243; title_text=&#8221;oli-gratavinum&#8221; sticky_enabled=&#8221;0&#8243;][/et_pb_image][/et_pb_column][et_pb_column type=&#8221;1_2&#8243; _builder_version=&#8221;4.6.3&#8243; background_image=&#8221;https://www.gratavinum.com/wp-content/uploads/2023/04/oliveres-gratavinum-priorat.jpg&#8221; custom_padding=&#8221;|||&#8221; hover_enabled=&#8221;0&#8243; custom_padding__hover=&#8221;|||&#8221; title_text=&#8221;oliveres-gratavinum-priorat&#8221; sticky_enabled=&#8221;0&#8243;][/et_pb_column][/et_pb_row][/et_pb_section]</p>

<p>Les olives Arbequines utilitzades per l&#8217;elaboració d&#8217;aquest oli procedeixen dels nostres camps, on les oliveres han compartit habitat amb la vinya des de fa molts anys.</p>

<!-- This site is optimized with the Yoast SEO plugin v27.4 - https://yoast.com/product/yoast-seo-wordpress/ -->
<title>Gratavinum Oli Verge d&#039;Oliva - Priorat</title>
<meta name="description" content="Les olives Arbequines utilitzades per l&#039;elaboració d&#039;aquest oli procedeixen dels nostres camps, on les oliveres han conviscut històricament amb la vinya" />
<meta name="robots" content="index, follow, max-snippet:-1, max-image-preview:large, max-video-preview:-1" />
<link rel="canonical" href="https://www.gratavinum.com/ca/oli-oliva/" />
<meta property="og:locale" content="ca_ES" />
<meta property="og:type" content="article" />
<meta property="og:title" content="Gratavinum Oli Verge d&#039;Oliva - Priorat" />
<meta property="og:description" content="Les olives Arbequines utilitzades per l&#039;elaboració d&#039;aquest oli procedeixen dels nostres camps, on les oliveres han conviscut històricament amb la vinya" />
<meta property="og:url" content="https://www.gratavinum.com/ca/oli-oliva/" />
<meta property="og:site_name" content="Gratavinum" />
<meta property="article:modified_time" content="2023-04-24T09:30:06+00:00" />
<meta name="twitter:card" content="summary_large_image" />
<meta name="twitter:label1" content="Temps estimat de lectura" />
	<meta name="twitter:data1" content="2 minuts" />
<script type="application/ld+json" class="yoast-schema-graph">{"@context":"https:\/\/schema.org","@graph":[{"@type":"WebPage","@id":"https:\/\/www.gratavinum.com\/ca\/oli-oliva\/","url":"https:\/\/www.gratavinum.com\/ca\/oli-oliva\/","name":"Gratavinum Oli Verge d'Oliva - Priorat","isPartOf":{"@id":"https:\/\/www.gratavinum.com\/ca\/#website"},"datePublished":"2018-07-30T07:05:07+00:00","dateModified":"2023-04-24T09:30:06+00:00","description":"Les olives Arbequines utilitzades per l'elaboració d'aquest oli procedeixen dels nostres camps, on les oliveres han conviscut històricament amb la vinya","breadcrumb":{"@id":"https:\/\/www.gratavinum.com\/ca\/oli-oliva\/#breadcrumb"},"inLanguage":"ca","potentialAction":[{"@type":"ReadAction","target":["https:\/\/www.gratavinum.com\/ca\/oli-oliva\/"]}]},{"@type":"BreadcrumbList","@id":"https:\/\/www.gratavinum.com\/ca\/oli-oliva\/#breadcrumb","itemListElement":[{"@type":"ListItem","position":1,"name":"Home","item":"https:\/\/www.gratavinum.com\/ca\/"},{"@type":"ListItem","position":2,"name":"Oli verge extra"}]},{"@type":"WebSite","@id":"https:\/\/www.gratavinum.com\/ca\/#website","url":"https:\/\/www.gratavinum.com\/ca\/","name":"Gratavinum","description":"Winemaking and organic vine growing in Gratallops","potentialAction":[{"@type":"SearchAction","target":{"@type":"EntryPoint","urlTemplate":"https:\/\/www.gratavinum.com\/ca\/?s={search_term_string}"},"query-input":{"@type":"PropertyValueSpecification","valueRequired":true,"valueName":"search_term_string"}}],"inLanguage":"ca"}]}</script>
<!-- / Yoast SEO plugin. -->

Les olives Arbequines utilitzades per l'elaboració d'aquest oli procedeixen dels nostres camps, on les oliveres han conviscut històricament amb la vinya
